18?
16
Suppose -p = f - 21, -39 = -5*f - 4*p + 65. Suppose -54 = 3*s - 228. Calculate the remainder when s is divided by f.
18
Let k(r) = 3*r - 4. Calculate the remainder when 29 is divided by k(4).
5
Let y(g) = -g**3 - 11*g**2 - 14*g - 9. Let u be y(-10). Let p = u + -9. Calculate the remainder when 64 is divided by p.
20
Let l(k) = 37*k + 2. Calculate the remainder when l(3) is divided by 29.
26
Let k = 78 - 50. Suppose 3*p = p + k. Suppose x - 3 = 0, -p = -2*j - 5*x + 7. What is the remainder when 11 is divided by j?
2
Let g = 29 - 20. Calculate the remainder when g is divided by 4.
1
Suppose 4*b + 2*w - 402 = 0, 298 = -5*b + 2*w + 787. Suppose b - 19 = 4*i. What is the remainder when i is divided by 3*8/3 + -1?
6
Let g be (4 + 0 + -3)*3. Suppose -g*q + 254 - 11 = 5*n, -q = -2*n + 106. What is the remainder when n is divided by 13?
12
Suppose -5*w = 5*d + 35, -4*d - 42 = 5*w - 10. What is the remainder when (d/4)/(1/(-16)) is divided by 5?
2
Let a be ((-9)/(-6))/(5/(-10)). Let c(z) = -7*z**3 + 3*z**3 - 2*z + 4 + 3*z**3 - z**2. What is the remainder when c(a) is divided by 15?
13
Let k = 35 + -18. Suppose -i = -5*o + 50, -2*i - 8 = 2. What is the remainder when k is divided by o?
8
Suppose -36 = 3*k - k. Let z be (-84)/k - (-4)/(-6). Suppose z*h = 37 - 9. Calculate the remainder when h is divided by 3.
1
Let p(g) = 32*g. What is the remainder when 63 is divided by p(1)?
31
Suppose -4*v + 2*j = -18, -4*v = -v + 3*j - 18. Suppose -v = -2*n + 1. Let c(z) = -2*z - 7. Calculate the remainder when c(-6) is divided by n.
2
Let w(x) = -x + 17. What is the remainder when 27 is divided by w(7)?
7
Let k be -3 + 0 + -1 + 8. Suppose -m + 0*q = -q - 4, 0 = -3*m + k*q + 14. Calculate the remainder when 11 is divided by m.
1
Let d = 20 + -50. Let l = d - -42. What is the remainder when l is divided by 7?
5
Let m(t) = -44*t - 1. Let h be m(-2). Suppose 5*x = 4*p - h, -p + 15 = -4*x - 4. Calculate the remainder when p is divided by 12.
11
What is the remainder when 53 is divided by (2 + (-154)/(-4))*(-4)/(-6)?
26
Let i = 7 - 3. Suppose 4*k + 3*t - 59 = 0, i*t = -2*k + 15 + 27. Let u(r) = r**2 + 6*r - 9. What is the remainder when u(4) is divided by k?
9
Let t(l) = l**2. Let f be t(0). Suppose -5*i - 24 - 1 = 0, a - i - 27 = f. What is the remainder when 63 is divided by a?
19
Let j(n) = -13*n - 8. What is the remainder when 51 is divided by j(-2)?
15
Let q be (-3443)/(-99) + (-2)/(-9). Suppose 5*c = -2*p + 17, 3*c = -5*p - 2*c + q. Calculate the remainder when 23 is divided by p.
5
Let x(s) = -4*s - 6. Let m be x(-6). Suppose 5*k + 22 = -m. Calculate the remainder when (-475)/10*k/10 is divided by 13.
12
Suppose 6 + 2 = g. Calculate the remainder when 21 is divided by g.
5
Suppose -3*t + 9 = u + 2*u, 0 = 2*t - 5*u - 13. Calculate the remainder when t/6 - 192/(-9) is divided by 12.
10
Let k(f) = f**2 + 2*f + 3. Calculate the remainder when k(6) is divided by (65/15)/((-1)/(-6)).
25
Let l be (70/21)/((-1)/(-3)). Let y = -2 + l. What is the remainder when 29 is divided by y?
5
Suppose 2*a - y = 14, -7*a = -2*a + 4*y - 35. Suppose -26 = -4*v + 26. Suppose 49 - v = 3*p. What is the remainder when p is divided by a?
5
Suppose 4*m = -5*t + 8*m + 33, -5*m = t - 24. Calculate the remainder when 25 is divided by t.
7
Let y(k) = -4*k + 22. Let f(n) = -n + 7. Let h(p) = -7*f(p) + 2*y(p). What is the remainder when 1 is divided by h(-6)?
0
Suppose 2*u + 8 = 3*u. Calculate the remainder when 19 is divided by 27/6 - (-4)/u.
4
Let t(u) = 3*u - 8. What is the remainder when t(4) is divided by 2?
0
Suppose 6*d - 45 = d. Let r(o) = 2*o**2 - 2*o - 2. Let x be r(2). Suppose 2*p - x = 30. Calculate the remainder when p is divided by d.
7
Suppose -5*c + 0*k + 17 = 3*k, -3*c = -3*k - 15. Let z be 8/(-3)*6/c. What is the remainder when 6/z*(-560)/15 is divided by 19?
18
Let l = 51 + -9. Calculate the remainder when 251 is divided by l.
41
Let k = -69 + 120. Calculate the remainder when 2/6 + 285/9 is divided by k/(-2)*(-8)/12.
15
Let w(b) = -b. Let q be w(0). Suppose t + 0*t = 4*s + 25, q = 3*t + 5*s - 24. Let f(m) = -m**2 - 5*m + 7. Calculate the remainder when t is divided by f(-5).
6
Suppose 2*h = -3*t + 80, 0 = -5*h - 0*h - 4*t + 186. Suppose -5*j - 73 = -4*a, -4*a - 3*j - 1 = -h. Calculate the remainder when a is divided by 5.
2
Suppose 2*y + 3*u = 3, -7 = 2*y - 0*y + 5*u. Suppose -6*d + 72 = -2*d. Suppose d - 122 = -4*v. What is the remainder when v is divided by y?
8
Calculate the remainder when 15*-18*(-2)/4 is divided by 34.
33
Let k be (-2)/(-4)*(-16 - -2). Let o(t) = -7*t - 9. Let c = -9 - -23. What is the remainder when o(k) is divided by c?
12
Let x(m) = -2*m. Let u be x(1). What is the remainder when u + (4*3 - -3) is divided by 5?
3
Let f be 0 + 3/(1 - 4). Let h = f + 2. Suppose -n - h + 4 = 0. What is the remainder when 8 is divided by n?
2
Suppose -15 = -6*v + 3*v. Suppose 2*s - 2*c - 16 = c, 5*s = v*c + 35. Calculate the remainder when 14 is divided by s.
4
Suppose -r - 12 = -2*r. What is the remainder when 35 is divided by r?
11
Suppose q - 3*o - 5 = 0, -65 = -2*q - q - o. Suppose -4*g + 32 = -3*b - q, 3*g - 5*b = 50. Calculate the remainder when 28 is divided by g.
8
Let u(r) = -r**3 + 7*r**2 + r + 2. Suppose -4*h + 11 - 55 = 0. Let v = h - -36. What is the remainder when v is divided by u(7)?
7
Let x(t) = -t**3 - 5*t**2 + 6*t + 1. Let y be 3*(-2 + (-3 - -3)). Let k(i) = -i**2 - 4*i + 2. What is the remainder when k(-4) is divided by x(y)?
0
Suppose -7*n + 65 = 23. Calculate the remainder when 11 is divided by n.
5
Let b be (-274)/(-18) - 20/90. Let o = -13 + b. Calculate the remainder when 2 is divided by o.
0
Suppose -4 = s - 31. Calculate the remainder when s is divided by 15.
12
Suppose a = -2*a. Let r be 2/(-4)*a/(-2). Suppose r*d + 40 = 4*d. Calculate the remainder when 28 is divided by d.
8
Let d be ((-10)/25)/((-1)/55). Suppose -t + 16 = -d. Calculate the remainder when t is divided by 10.
8
Suppose 3*x + 2*f - 21 - 23 = 0, -3*f - 67 = -5*x. Calculate the remainder when x is divided by 5.
4
Let n(j) be the third derivative of -1/24*j**4 + j**2 + 0 + 7/6*j**3 + 0*j + 7/60*j**5 - 1/120*j**6. What is the remainder when n(6) is divided by 13?
11
Let t = 4 + -1. Calculate the remainder when 9 is divided by t.
0
Let d(u) = u**2 - u + 390. Let t be d(0). Suppose z - 6*z = -t. What is the remainder when z is divided by 16?
14
Suppose 10*u - 5*u - 460 = 0. Suppose -3*o + u = o. Calculate the remainder when o is divided by 6.
5
What is the remainder when (-1)/1*7*-7 is divided by (3/(3/(-17)))/(-1)?
15
Let i = 104 + 206. Suppose -3*q + m = -i, 5*q - 5*m = 549 - 29. Let w = -56 + q. What is the remainder when w is divided by 16?
15
Suppose -1 = -3*u - w + 75, -u - 2*w = -27. Calculate the remainder when 248 is divided by u.
23
Suppose -y - 67 = -4*x + 2*y, 0 = 2*x + 2*y - 30. Let t(p) = 4*p**2 - 2*p. What is the remainder when t(3) is divided by x?
14
Let y = -21 - -33. Let l(a) = a - 3. Calculate the remainder when l(y) is divided by 5.
4
Suppose -5*m = -6*m + 23. Calculate the remainder when 45 is divided by m.
22
Let v(z) = -z - 2. Let c be v(6). Calculate the remainder when 15 is divided by (-50)/c - 7/28.
3
Let q = -5 + 18. What is the remainder when 22 is divided by q?
9
Let o = -7 + 24. What is the remainder when o is divided by 9?
8
Let p = 26 - 16. What is the remainder when 29 is divided by p?
9
Let u(d) = -d**2 + 5*d + 1. Let a be u(5). Let c be (-1)/4 - 11/4. Let l = a - c. Calculate the remainder when 11 is divided by l.
3
Let g(f) be the third derivative of f**5/30 + f**4/8 - f**3/3 + 4*f**2. What is the remainder when 13 is divided by g(-3)?
6
Suppose -n + 17 = 5*p, -2*n + 30 = -5*p + 11. Calculate the remainder when 22 is divided by n.
10
Let c(p) = -4*p - 14. What is the remainder when 27 is divided by c(-7)?
13
Let a = 4 + -4. Suppose a = -2*o + m - 2*m + 15, 5*o = 5*m. Suppose 26 = 3*k + 2*c, 50 = -5*k + o*c + 135. Calculate the remainder when 35 is divided by k.
11
Suppose 1 - 66 = -3*s + u, 0 = 3*u + 15. What is the remainder when s is divided by 3?
2
Let i = -79 + 131. Calculate the remainder when i is divided by 14.
10
Suppose -147 = -12*b - 39. What is the remainder when 43 is divided by b?
7
Let p(g) = 12*g + 2. Let s = 208 - 194. Calcul